me?
True
Let v(z) = -z**2 - 36. Let m be v(-7). Is (-71213)/m + (-1)/(-5) a composite number?
True
Let z(d) = -155*d - 47. Let c(b) = -156*b - 47. Let n(g) = 3*c(g) - 4*z(g). Let l(x) = 2*x**3 - 12*x**2 + 2*x + 3. Let w be l(6). Is n(w) a composite number?
True
Is (14/28)/(5/(-50)) - -141066 a prime number?
True
Suppose 8*o = 4*u + 3*o - 48, 5*u - o = 39. Suppose -9*z = 1087 - 1114. Suppose u*b - z*b = 3628. Is b a composite number?
False
Suppose -4*s + 0*y = -5*y - 71, 4*y = -5*s + 58. Suppose -2*c = -9*c + s. Suppose 0 = -5*t - a + 40, 3*t + c = 5*a + 54. Is t prime?
False
Let r(o) = -2*o**2 + 13*o - 1. Let h be r(6). Suppose -4*t + 6*t + 17 = 3*a, h*a - 7 = -2*t. Is 3590/t*(-8)/4 a prime number?
False
Let a = 5884 - -4039. Is a a composite number?
False
Let q = 414 + -425. Is -6*q/(-231) - 41869/(-7) a prime number?
True
Suppose 0 = -4*l - 16, -2*y + 7*y - 29 = l. Let v be 8188/y + (-1 - (-7)/5). Suppose 2*m - v = -4*c, m + 3*c = -208 + 1032. Is m a composite number?
False
Let j be -8 - -15*(-2)/18*-3. Is 11336754/1022 + (-4)/42*j prime?
True
Suppose 1744*r - 1740*r - 4708 = 0. Is r a composite number?
True
Let g(x) = 5960*x**3 + x**2 - 2. Let i be g(-1). Let t = -3118 - i. Is t prime?
True
Suppose 5*a - 159846 = -2*n + 2885, -28 = 4*a. Is n composite?
True
Is (-925083)/(-287) - (-6)/(-21) a prime number?
False
Let q = -310 + 358. Suppose -64*v + 8912 = -q*v. Is v prime?
True
Let d(w) = 14*w**3 - 14*w**2 - 21*w + 1. Let j be d(7). Suppose -5*x + p = -9969, 0 = -8*x + 6*x - 4*p + j. Is x composite?
False
Is (-260667395)/(-417) + 6*(2 + (-32)/18) a prime number?
True
Let s(z) = z**3 - 90*z**2 - 224*z + 337. Is s(104) a composite number?
True
Let f(l) = l**3 + 5*l**2 - 5*l + 2. Let o be f(-5). Suppose -19 + o = -4*b. Is (-3 - b)*3505/(-1) composite?
True
Suppose 17 - 2 = 5*z. Suppose k = p + 264, -p - 1047 = -z*k - k. Suppose -2 - k = -d. Is d a composite number?
False
Let t be -205*1205/(-20) - (-2)/(-8). Suppose 4117 = o - 4*y, -2*o + y + t = o. Is o prime?
False
Suppose -4*n - 42 = -2*q, 4*q - 7*n + 3*n = 68. Suppose -75 = q*w - 28*w. Suppose -2*l - 3729 = -w*l. Is l a composite number?
True
Is ((-102)/(-12) - 11)*2954/(-5) prime?
False
Let n(t) be the first derivative of -t**4/4 + 11*t**2/2 + 19*t + 1. Suppose -74*s - 282 = 310. Is n(s) a prime number?
True
Let r = -211 - -451. Suppose 48 - r = -8*o. Suppose -25*t = -o*t - 3595. Is t prime?
False
Let g be -5 - (-8)/((-8)/(-2655)). Is (-8)/(-2)*g/40 prime?
False
Let l(j) = 163*j**2 - 2906*j - 7. Is l(-6) prime?
True
Let c(r) = r**2 - 8*r + 124. Let n be c(-18). Let q = 6005 - 3398. Suppose 5*f = -4*z - n + q, -5*f + 2045 = -2*z. Is f prime?
False
Let z(b) be the second derivative of -541*b**3/6 + 19*b**2 + 25*b. Is z(-9) a composite number?
True
Suppose -11*y = 19 - 63. Suppose 9*t = y*t + 3355. Is t a prime number?
False
Let m(f) = -2*f**3 - 2*f - 1. Let q(d) = 4538*d**3 - 3*d**2 - 10*d - 3. Let c(z) = -5*m(z) + q(z). Is c(1) a prime number?
True
Let w = 267 - -253. Suppose -4*c + 4*n + w = 0, 4*c - 8*c + 515 = -5*n. Suppose -c = -b - 3*x, 5*x - 526 = -2*b - 2*b. Is b a composite number?
True
Suppose 4*c - 6*c + 2*a = -85958, 5*c = -3*a + 214879. Is c composite?
True
Suppose 0 = -32*q + 4955598 - 145582. Is q prime?
False
Suppose 7863*x = 7825*x + 3973622. Is x a prime number?
False
Suppose 2*h + 20 = 4*h + 5*j, 2*h - j = 8. Suppose -6*q + h*q = -16979. Is q prime?
True
Suppose 1487833 = 3*l - 2*v, 19*l + v + 5951360 = 31*l. Is l composite?
False
Let m(s) = -21*s + 56. Let x be m(13). Let d be (-18)/(-14) + -1 - 89342/x. Is d + 3 - (-4 + 6) composite?
True
Suppose 77*u - 549393 + 319182 = 1182046. Is u prime?
True
Suppose -319 = -5*j + 421. Suppose 4*l + 160 = -4*s, -2*s - j = -2*l - 56. Let z = 216 - s. Is z prime?
False
Let n(x) = x**2 + 15*x - 11. Let v be n(-16). Suppose o = 5*o - 3*m - 20, -o - v*m = -5. Suppose 4*z = 3*z + 5, o*z + 968 = i. Is i prime?
False
Suppose 0 = 9*t - 13 + 49. Let y = t + 10. Suppose -y*p - p + 19705 = 0. Is p a composite number?
True
Let u = -264309 - -399056. Is u composite?
True
Let j(v) = -9*v**2 + 16*v + 12. Let k be ((3 + -10 - 1) + 3)*-1. Let f(g) = 8*g**2 - 15*g - 12. Let o(z) = k*j(z) + 6*f(z). Is o(13) composite?
True
Suppose -2*d - x + 297283 = 0, 5*d - x - 831368 = -88178. Is d composite?
False
Let o = -34861 - -176979. Is o a prime number?
False
Let h(a) = -2*a**2 + 1. Let v be h(0). Let m(w) = 5*w**3 + w**2 - 3*w + 1. Let z be m(v). Suppose 0 = 4*b - 2*l - 7938, -3*l - 5952 = -z*b + b. Is b composite?
True
Is (493 + (-9)/(-1))/((-6)/(-5583)) a prime number?
False
Is (-373263)/(-2)*102/153 composite?
True
Is (11 - 10)/(-1) - 59368/(-2) composite?
False
Let u(n) be the third derivative of 19*n**8/10080 + n**7/2520 + n**6/144 - 5*n**5/12 + 20*n**2. Let g(c) be the third derivative of u(c). Is g(-6) composite?
False
Let p = 290 - 287. Suppose -p*q + 2*c + 2332 = 0, -q - 4*c = 159 - 941. Is q composite?
True
Suppose 310*k - 267*k = 15744579. Is k composite?
True
Let w(a) = -a**3 + 14*a**2 - 24*a + 7. Let f be w(12). Suppose -4*s - f - 17 = 0. Let h(m) = -429*m - 17. Is h(s) a prime number?
True
Suppose 10*h = -0*h. Suppose m + 2*m - 15 = h. Is 4 - (m + -406) - -1*2 composite?
True
Let j(f) = 42*f - 38. Let y be j(7). Suppose 27426 = y*v - 250*v. Is v a prime number?
False
Let r be (309/4)/((-95)/13680). Let g = r + 35363. Is g a prime number?
True
Suppose 4*w - 2832 = 3*w + 95. Is w a composite number?
False
Suppose 3*v = 3, -3*v - v + 4 = 3*j. Let t be (-3 + 1)/((9/6)/(-3)). Suppose l + g - 221 = 28, t*l - g - 996 = j. Is l a composite number?
True
Let b(c) = 1 + 1 - 5*c - 3*c**2 - 4 - c**3. Suppose 3*h - 21 = 8*h + v, -4*h - 4*v - 20 = 0. Is b(h) a prime number?
False
Suppose 4*d + o - 22771 = 6*o, 10 = 2*o. Let x = d + -3305. Suppose 21 = -3*h + x. Is h prime?
False
Let p(y) = -547*y - 89. Let u(r) = -r**3 - 14*r**2 - 24*r - 4. Let a be u(-12). Is p(a) a prime number?
True
Suppose -3*n + 5*y + 361 + 18 = 0, -4*y = n - 115. Let d = 223 + n. Is d a composite number?
True
Let y(n) = -3*n**2 - 4*n. Let d be y(-3). Let q(c) = 3*c**3 - 9*c**2 - 4*c - 43. Let t be q(7). Is t/2 + d/10 prime?
True
Let j(p) = -p - 25. Let o be j(-7). Let d = -15 - o. Suppose -d*m - 2*m = -x + 226, x - 214 = m. Is x a prime number?
True
Let s(a) = -a**3 + 123*a**2 + 129*a - 755. Is s(116) composite?
False
Suppose 4*b - f = 80216, 5*b - 163598 = -f - 63337. Suppose 4*q = 15*q - b. Is q prime?
True
Let k(o) = 9305*o - 2861. Is k(36) a composite number?
True
Let z = 3235 - 1488. Let w = z + -596. Is w a prime number?
True
Let m = 10840 + -4165. Suppose 10*d - m = -1265. Is d a prime number?
True
Suppose 9*k - 17*k = -203409 - 148223. Is k prime?
False
Suppose -2*v + 0*v = -5*u + 15, -v + 5*u - 15 = 0. Suppose v = 3*k - 0*k - 174. Is k prime?
False
Let h = -1881 - -761. Let d = h - -5187. Let x = d + -1288. Is x composite?
True
Suppose -3*v + 12 = 0, 4*f + 4*v - 21186 = 3578. Suppose -4*w = -5*o - f, 3*o + 1549 = w + o. Is w a composite number?
False
Let r = -5943 - -8962. Let o = r + -1088. Is o a composite number?
False
Suppose -194*t + 745932 = -183*t. Let g = t + -43883. Is g a composite number?
False
Suppose 48614 = 2*l - b, l = -2*b + 74 + 24223. Is l a prime number?
False
Suppose 4*w - 4*o = 258052, 49*w - o - 322565 = 44*w. Is w composite?
False
Suppose 50452 = 2*x - 2*k + 960, x = 2*k + 24741. Is x a prime number?
False
Let q(j) = 3*j**2 + 2. Let x be (18/(-10) - -3)*5. Let o = -4 + x. Is q(o) a composite number?
True
Let t = 1694 - 2377. Suppose k - 1249 = -w + 2*k, -w = 5*k - 1279. Let f = w + t. Is f composite?
False
Suppose -11*l + 482 = 405. Suppose 70689 - 255860 = -l*u. Is u prime?
False
Suppose -50*x - 381*x = -127688230 - 42351183. Is x composite?
False
Suppose -249 = -5*d + 51. Let t be (6/(-9))/(112/d - 2). Suppose 52 = t*c - 333. Is c a prime number?
False
Let y = 5003 - -14006. Is y a composite number?
False
Let a(c) = 5*c - 1. Let n be a(1). Suppose 65436 = -n*s + 18*s. Suppose -3*f - 1017 = -s. Is f a prime number?
False
Suppose 56*g - 52*g = -4*s + 3275252, 4*s - 3*g = 3275252. Is s composite?
False
Suppose 6978*v - 200164 = 6974*v. Is v composite?
True
Suppose -3*u + 3*w = -8341305, -u - 809008 = 4*w - 3589468. Is (-2)/11 + u/440 composite?
True
Le